9. What is i(95)?
-744
Let k(b) = -17*b**3 - 301*b**2 - 1326*b - 6212. Determine k(-14).
4
Let k(q) = 6*q**2 + 694*q - 28347. Calculate k(32).
5
Let u(z) = -z**2 + 350*z + 96124. Give u(531).
13
Let d(u) = -u**3 + 11*u**2 - 105*u + 106. Calculate d(16).
-2854
Let v(t) = -t**3 - 146*t**2 - 1193*t - 196954. Determine v(-147).
26
Let s(y) = -1389485*y - 6947421. Determine s(-5).
4
Let i(a) = a**2 - 936*a + 162378. Calculate i(230).
-2
Let q(l) = 14*l**2 - 3391*l + 201341. Give q(138).
-1
Let t(d) = -10792*d + 53678. Calculate t(5).
-282
Let u(i) = -15*i**2 - 428*i + 303. Give u(-29).
100
Let k(i) = -2521*i + 7640. Determine k(3).
77
Let s(o) = 43*o**2 + 2952*o - 1339. Determine s(-69).
-304
Let f(j) = -7*j**2 + 1025*j + 24619. Calculate f(-21).
7
Let k(n) = -6512*n + 22736. Determine k(4).
-3312
Let a(k) = -17085*k - 1025106. Give a(-60).
-6
Let c(l) = -2*l**3 - 16*l**2 + 199*l + 507. Give c(-14).
73
Let o(m) = -2*m**2 - 588*m - 10417. Determine o(-19).
33
Let b(i) = 53376*i + 907505. Give b(-17).
113
Let m(l) = -17325*l**2 - 138600*l + 16. Determine m(-8).
16
Let u(v) = -13163*v + 2632596. Calculate u(200).
-4
Let r(o) = 2*o**2 + 283*o + 547. Calculate r(-2).
-11
Let b(c) = -c**3 - 3201*c**2 - 73139*c - 1036. Calculate b(-23).
-1
Let f(g) = -2*g**2 + 11600*g + 244451. Give f(-21).
-31
Let p(v) = -187915*v + 751675. Give p(4).
15
Let v(h) = 6*h**2 + 2159*h + 124263. Give v(-288).
135
Let c(t) = -1084*t - 82413. Give c(-76).
-29
Let h(j) = -j**3 + 52*j**2 - 243*j + 481. What is h(47)?
105
Let a(j) = -17431*j + 3538346. Determine a(203).
-147
Let n(o) = 4*o**2 - 114886*o - 804388. Give n(-7).
10
Let n(d) = -d**2 - 97349*d - 12444279. What is n(-128)?
9
Let n(p) = 2*p**3 - 66*p**2 - 13071*p - 187. What is n(-66)?
11
Let l(t) = 1204*t - 7354. Calculate l(5).
-1334
Let c(g) = 4*g**3 - 15*g**2 - 53*g - 27. Give c(-2).
-13
Let z(u) = -441*u - 7889. Give z(-18).
49
Let h(s) = s**3 + 152*s**2 - 306*s + 279. Determine h(-154).
-29
Let u(m) = 7*m**2 + 362*m + 952. What is u(-49)?
21
Let b(y) = -763*y + 7923. Give b(11).
-470
Let p(d) = -4*d**2 + 1287*d - 44103. What is p(39)?
6
Let x(v) = v**3 - 34*v**2 - 78*v + 96. Calculate x(36).
-120
Let f(n) = -32*n**2 - 887*n - 5909. Determine f(-11).
-24
Let j(w) = -w**3 - 153*w**2 - 583*w + 1760. Calculate j(-149).
-177
Let z(u) = u**3 + 2739*u**2 - 16475*u + 67. What is z(6)?
37
Let a(b) = -2*b**3 + 12*b**2 + 528*b - 20. What is a(-14)?
428
Let l(m) = 178*m - 698. Calculate l(3).
-164
Let n(r) = 1678*r - 2369280. Give n(1412).
56
Let x(o) = o**3 + 29*o**2 - 201*o - 2136. Calculate x(-34).
-1082
Let h(a) = 2*a**2 - 91024*a + 182044. Calculate h(2).
4
Let t(j) = j**3 - 159*j**2 - 3165*j - 3674. Calculate t(177).
43
Let c(z) = -2*z**2 + 291*z + 20870. Determine c(198).
80
Let r(g) = -g**2 + 38*g + 869. Calculate r(76).
-2019
Let q(o) = o**3 - 392*o**2 + 17963*o + 1793. What is q(339)?
437
Let c(m) = -3407*m + 180616. What is c(53)?
45
Let b(h) = -4*h**3 - 524*h**2 - 2304*h - 301836. What is b(-131)?
-12
Let f(u) = -2*u**2 - 381*u - 10201. Determine f(-32).
-57
Let k(y) = -36*y**3 + 7*y**2 + 52*y - 130. What is k(2)?
-286
Let l(t) = 8681*t + 313664. Give l(-36).
1148
Let l(s) = -116*s - 609. Determine l(-4).
-145
Let t(j) = 5904*j - 17810. Give t(3).
-98
Let y(p) = -p**3 + 33*p**2 - 82*p - 879. Give y(27).
1281
Let d(j) = -6668*j + 26696. Calculate d(4).
24
Let a(d) = -760*d - 108690. Determine a(-143).
-10
Let a(i) = -i**3 - 582*i**2 + 5289*i - 17691. Calculate a(-591).
39
Let r(f) = 3*f**2 - 2228*f - 27164. Give r(-12).
4
Let t(z) = -31*z**3 + z**2 + 4*z - 2. What is t(1)?
-28
Let k(g) = -g**2 + 207*g + 5387. What is k(231)?
-157
Let n(y) = -561*y**2 + 4492*y - 7. Give n(8).
25
Let h(s) = -4*s**3 + 564*s**2 + 564*s + 504. Determine h(142).
-64
Let g(i) = -2*i**2 + 475*i - 6919. Give g(15).
-244
Let w(z) = -57*z**2 - 798*z - 2737. Determine w(-8).
-1
Let o(c) = 6802*c - 81599. Give o(12).
25
Let b(x) = -7*x**2 + 12983*x + 1003092. Determine b(1929).
12
Let a(q) = -510*q + 4980. Calculate a(10).
-120
Let r(c) = 20260*c - 1782777. Determine r(88).
103
Let v(u) = -u**2 + 84*u + 7374. What is v(-51)?
489
Let f(x) = -2*x**3 - 60*x**2 - 63*x - 126. Give f(-29).
19
Let q(x) = -x**3 + 148*x**2 - 209*x + 30947. Give q(148).
15
Let n(d) = -d**3 + 7*d**2 - 3558*d + 21332. Determine n(6).
20
Let p(u) = -u**2 + 9113*u + 191804. Determine p(-21).
-10
Let q(z) = z**2 + 353*z - 21528. Give q(53).
-10
Let z(j) = j**2 + 728*j - 71817. What is z(-816)?
-9
Let v(b) = b**2 + 7995*b + 405146. Calculate v(-51).
2
Let u(l) = l**3 - 28*l**2 - 162*l + 4565. Calculate u(28).
29
Let k(d) = -29*d**3 + 1652*d**2 + 14*d + 30. What is k(57)?
-2421
Let n(x) = 836*x - 167842. Determine n(203).
1866
Let w(a) = a**3 - 8*a**2 + 23*a - 15. Give w(3).
9
Let v(f) = -f**2 - 399*f + 34862. Calculate v(74).
-140
Let v(b) = -b**2 + 1472*b + 23237. Calculate v(-15).
932
Let l(x) = 409*x**2 + 1103*x - 359. Give l(-3).
13
Let y(l) = -260*l - 11692. What is y(-45)?
8
Let w(x) = -161223*x - 161164. Calculate w(-1).
59
Let f(z) = -z**2 + 48704*z + 1949757. Give f(-40).
-3
Let z(k) = -33*k + 72. Determine z(-12).
468
Let r(m) = m**3 + 151*m**2 - 399*m - 37534. Calculate r(-152).
10
Let t(q) = -12*q**2 - 132*q + 957. Give t(-16).
-3
Let j(q) = -9424*q**2 - 150786*q + 61. Calculate j(-16).
93
Let p(o) = 11*o**2 + 2443*o - 2445. Calculate p(1).
9
Let y(z) = 3399*z + 91102. What is y(-27)?
-671
Let r(h) = 205*h**2 + 341*h - 147. Calculate r(-2).
-9
Let w(u) = -13*u**2 - 259*u - 1068. Give w(-4).
-240
Let k(w) = -3*w**2 + 297*w - 287. Give k(99).
-287
Let s(y) = y**2 + 3226*y - 5814027. What is s(1288)?
5
Let b(p) = -3*p**3 - 23*p**2 - 119*p - 200. What is b(-7)?
535
Let b(w) = -262*w + 3511. What is b(17)?
-943
Let j(k) = -2120*k + 19574. Calculate j(9).
494
Let q(u) = 3558*u - 1170589. Calculate q(329).
-7
Let h(c) = 2*c**2 + 179*c + 369. Give h(11).
2580
Let d(z) = 1479*z**2 - 329781*z - 8025. Calculate d(223).
3
Let c(o) = -10*o**3 + 146*o**2 - 547*o - 31. What is c(6)?
-217
Let u(o) = 4*o**2 - 6477*o + 1310374. Calculate u(237).
1
Let b(c) = c**2 + 130*c + 4084. What is b(-71)?
-105
Let m(p) = 70745*p - 212224. What is m(3)?
11
Let v(n) = 27299*n + 791722. Determine v(-29).
51
Let h(d) = 2994*d + 365279. Give h(-122).
11
Let s(g) = 86*g**2 + 10136*g - 1400. Calculate s(-118).
16
Let q(y) = 4*y**3 - 31*y**2 - 88*y + 656. Determine q(7).
-107
Let c(q) = -2*q**3 - 1869*q**2 + 46991*q + 4. Determine c(-959).
4
Let s(l) = -16*l**3 + 1444*l**2 - 345*l - 1045. What is s(90)?
305
Let u(o) = 2*o**3 + 137*o**2 - 648*o - 48662. Give u(-68).
26
Let u(w) = -2*w**3 - 36*w**2 + 89*w + 43. Determine u(-20).
-137
Let w(p) = 512*p + 32811. Give w(-64).
43
Let x(y) = -1126*y - 167811. What is x(-149)?
-37
Let y(j) = -5*j**2 - 6113*j - 499222. Determine y(-88).
2
Let n(f) = -43*f + 4724. Calculate n(54).
2402
Let t(y) = 2*y**3 + 106*y**2 - 208*y - 27. Give t(2).
-3
Let k(n) = -34*n + 262. What is k(8)?
-10
Let p(x) = 113*x + 567. What is p(-4)?
115
Let l(t) = -4*t**2 - 123*t + 796. Calculate l(-33).
499
Let x(m) = 5*m**3 - 35*m**2 + 4720*m - 28133. Determine x(6).
7
Let r(i) = i**3 + 54*i**2 + 700*i + 184. Calculate r(-33).
-47
Let b(r) = -22056*r - 110274. Calculate b(-5).
6
Let g(t) = t**3 - 100*t**2 + 2358*t - 117. What is g(38)?
-41
Let p(k) = -1632*k + 104392. Give p(64).
-56
Let d(l) = 3*l**3 + 3*l**2 + 98547*l - 2. What is d(0)?
-2
Let w(a) = -233*a**3 + 20*a**2 + 341*a - 695. Calculate w(2).
-1797
Let o(j) = -2*j**3 - 7*j**2 + 15*j - 107. What is o(8)?
-1459
Let g(y) = -6194*y - 18548. Give g(-3).
34
Let h(i) = -1230*i**2 - 3705*i - 9. What is h(-3)?
36
Let c(b) = 29*b**2 - 4898*b + 28337. Give c(6).
-7
Let k(z) = 14718*z - 14811. What is k(1)?
-93
Let p(x) = 1331*x - 1140. Give p(1).
191
Let p(x) = x**3 - 191*x**2 - 756*x + 33740. What is p(194)?
-16
Let z(n) = -2*n**2 + 279*n - 2455. What is z(130)?
15
Let z(a) = 68603*a + 480213. Calculate z(-7).
-8
Let h(y) = -y**3 + 47*y**2 - 31*y - 1302. Give h(46).
-612
Let y(z) = 491529*z + 5406819. Determine y(-11).
0
Let g(v) = -8*v**2 + 940*v - 7436. What is g(109)?
-24
Let l(i) = -78*i**2 + 193*i - 80. Determine l(2).
-6
Let z(l) = -24*l - 5912. Give z(-222).
-584
Let a(d) = -288754*d - 3753789. What is a(-13)?
13
Let o(z) = z**3